s. What is the highest common factor of r and 21?
7
Let t be -3 - (0 + 14)/((-9)/81). Suppose 356 = 3*u - 0*a - a, -4*a = u - t. Calculate the highest common factor of u and 17.
17
Let w be -3*(-4 + 8/(-12)). Let x(i) = -w - 8*i - 13*i + 17*i. Let b be x(-6). Calculate the highest common divisor of b and 90.
10
Let v(f) = -4*f**3 - 3*f**2 - 3*f - 3. Let x be v(-2). Suppose 6*b - x = 5*b. Let a = b - 7. What is the greatest common factor of a and 4?
4
Suppose 3*t = -2*t. Suppose t = 4*u + 3*w + 36 - 129, 50 = 2*u - 2*w. Let b = 3284 + -3224. What is the highest common divisor of u and b?
12
Suppose -5*t + 665 = -380. Calculate the highest common divisor of t and 11.
11
Let h = 49 - 46. Let t be 10 - 4*(h/6)/1. Calculate the highest common divisor of t and 2.
2
Let j be (-62)/(-22) + (-12)/(-66). Let c be (24/10)/(5/25). Suppose c = d + j. What is the greatest common divisor of d and 63?
9
Suppose 5*r - 3 = 4*r. Suppose -z + 24 = -r. What is the highest common factor of z and 18?
9
Let t(f) = f - 1. Let m(x) = 11*x - 7. Let n(q) = -3*m(q) + 15*t(q). Let z be n(-2). Let v = 17 - 3. What is the highest common divisor of z and v?
14
Let b(o) = 22*o - 1. Let p be b(1). Suppose -65*m + 76*m = 231. Calculate the highest common factor of p and m.
21
Suppose -16*t + 242 - 146 = 0. What is the greatest common factor of t and 465?
3
Suppose 0 = 4*c - c + 3*f - 6, 5*f + 25 = 0. What is the greatest common divisor of c and 875?
7
Let z = -14 - -11. Let f be (z/9)/(1/(-39)). Calculate the highest common factor of 52 and f.
13
Let a(c) = 12*c**2 - 9*c - 21. Let f be a(-3). What is the highest common factor of 6 and f?
6
Let k(p) = 11*p**2 - 2*p - 8. Let c be k(-2). What is the greatest common divisor of 100 and c?
20
Let o(b) = -b**2 + 14*b - 16. Let x be o(10). Let w(j) = j**3 - 25*j**2 + 24*j + 24. Let f be w(x). What is the highest common divisor of 48 and f?
24
Let g = -67 + 115. What is the highest common divisor of g and 3?
3
Let t be (-4 + 24/(-2))*4. Let p = t + 98. Let n = -18 + p. Calculate the greatest common divisor of n and 8.
8
Suppose 3*g = -z + 4, g + 16 = 3*g - 2*z. Suppose 47 = r + g*d, -5*d + 0*d + 25 = 0. Let j = r - 20. What is the highest common divisor of j and 12?
12
Let z(k) = k**3 - 4*k**2 - 9*k + 15. Let u be z(6). Let n be 363 + (-4 - (-2 - 2)). Calculate the greatest common factor of n and u.
33
Suppose 0 = w + l - 4*l - 33, 4*w - 3*l - 96 = 0. What is the highest common factor of w and 21?
21
Suppose -648 = -0*c - 2*c - 4*t, -c + 3*t + 324 = 0. Suppose y = 3*j - c, -y + 0*y = 3*j - 324. Calculate the highest common divisor of 12 and j.
12
Let o(q) = -28*q. Let z be o(-6). Suppose m - 5*v = 128, 0 = 5*m + 3*v + z - 836. Suppose 224 + m = 3*c. Calculate the greatest common factor of c and 17.
17
Let b(g) = -6*g + 112. Let c = 1 + 4. Let t(v) = -5*v + 112. Let y(x) = c*t(x) - 4*b(x). Let i be y(0). What is the greatest common factor of 14 and i?
14
Suppose 213 = 2*w + 5. Calculate the highest common factor of w and 24.
8
Suppose 17*c - 14*c - 9 = 0. Suppose 4*g + 4*s = 64, g - 19 - 1 = c*s. What is the highest common factor of 153 and g?
17
Let n(i) = -1 - 4*i + 5*i - 4*i**2 + 28*i**2. Let r be n(1). Let z = -391 - -415. What is the highest common divisor of z and r?
24
Suppose 29*y + 0*y - 2001 = 0. Suppose -2*v + 3 + 3 = 0. Let w be 23*(-2)/v*-3. Calculate the greatest common factor of y and w.
23
Let m = 24 + -15. Let b be 4*(m/2 + 1). Suppose -x = -3*x + 22. Calculate the highest common divisor of x and b.
11
Let a be 0 + 29 + 1 - 3. Let s = a + -24. What is the highest common factor of 33 and s?
3
Let v(o) = -o**3 - 9*o**2 - 6*o + 11. Let g be v(-8). Let f = 11 + g. Let b be 21/f*(26 - 0). Calculate the highest common divisor of b and 13.
13
Let s(b) = -21*b + 51. Let k be s(-5). Calculate the greatest common factor of k and 12.
12
Let r = 2604 + -2307. What is the greatest common factor of 54 and r?
27
Suppose 8*j - 101 - 83 = 0. Suppose -3*o + 163 = -j. What is the highest common factor of 155 and o?
31
Suppose 0 = -2*s + 11 + 229. Suppose -98 = -p - 23. Suppose -4*j + p = j. Calculate the highest common divisor of s and j.
15
Suppose -z + 44 = -3*z. Let t = z - -210. Let q = t - 107. What is the highest common factor of q and 9?
9
Suppose 30*h = 26*h + 128. Let f be ((-38)/4)/((-8)/h). Calculate the highest common divisor of f and 57.
19
Suppose 17*x = 9*x + 2160. Calculate the highest common factor of x and 6.
6
Suppose 11*z - 360 = 91. Let q = z - 5. Suppose 5*v - v = 4*i + 40, -v + 4 = 5*i. What is the greatest common factor of q and v?
9
Let o(s) = -s**3 - 2*s**2 - 2*s + 4. Let y = 36 - 39. Let x be o(y). Let i = 8 + 30. Calculate the highest common divisor of x and i.
19
Let h(j) = -j**3 + 6*j**2 + j + 7. Let g be h(6). Let i = 100 - 243. Let w = -117 - i. What is the highest common divisor of w and g?
13
Suppose -h - 2*c = 2 - 1, -5 = 5*h - 3*c. Let j be -7 + 3 + 7 + h. What is the greatest common factor of j and 18?
2
Suppose -174 = -7*a + a. Let c = a - 18. Suppose c*w - 9*w = 10. What is the greatest common factor of w and 1?
1
Suppose 8*n - 3*n + 26 = b, 0 = b + 5*n + 24. Suppose -3*r - 34 = 4*k, 4*r - 3*r = k + 5. Let x = k + 15. What is the greatest common factor of x and b?
1
Let p(a) = -a**2 + 3*a + 1. Let u be p(2). Let o(t) = -t**2 + 8*t - 8. Let y be o(6). Let v be u + 212/y - 1. Calculate the greatest common factor of 11 and v.
11
Let k = 6 - 1. Let m be 1/5 - (-57)/15 - 6. Let g be m + 38 - (-4)/1. Calculate the greatest common factor of k and g.
5
Let z(d) = -d**3 - 11*d**2 - 6*d + 22. Let k be z(-11). Calculate the greatest common factor of 128 and k.
8
Suppose 171 = b - q, 2*q - 756 = -3*b - 248. Calculate the greatest common divisor of 30 and b.
10
Let d(q) = q**3 + q + 16. Let x be d(0). Let f(h) = -h**2 + 7. Let i be f(3). Let j be 0 - ((-96)/36)/(i/(-60)). What is the highest common factor of x and j?
16
Suppose 5*x - 52 = -4*v, -2*v - 23 = -x - 7*v. Suppose -12*h - 192 = -20*h. What is the highest common divisor of h and x?
8
Let l = -1122 - -3180. What is the highest common factor of l and 49?
49
Let t(d) = 95*d - 26. Let k be t(2). What is the highest common factor of k and 287?
41
Suppose 3*k - 2*b = 16, -k + 0*k - 4*b = -24. Let w be (k/(-3) - -4)*15. Suppose -15*q - w = -19*q. Calculate the highest common divisor of 1 and q.
1
Let x be 206/8 + 3/12. Suppose -w - x = -2*w + 5*l, 2*w = 2*l + 44. Calculate the highest common factor of 7 and w.
7
Suppose 4*o - 2*k - 68 = 3*k, 5*o - 2*k = 68. Let m be (12/36)/((-2)/o). Let c be -8*(3/3 + m). Calculate the highest common divisor of c and 8.
8
Let v be (-1395)/18*12/10. Let a = v - -95. Calculate the greatest common divisor of 16 and a.
2
Suppose 5*h - 321 = -7*a + 10*a, 3*h - 213 = -5*a. What is the highest common divisor of h and 22?
22
Let j(d) = -28*d - 693. Let y be j(-26). Calculate the greatest common factor of 20 and y.
5
Let v be 93 + (-2 - -2 - (-2 - 0)). Suppose 3*r - 155 - 144 = w, -r + 5*w + v = 0. Calculate the greatest common divisor of r and 25.
25
Suppose 80 = 19*m - 53. Calculate the greatest common divisor of 7 and m.
7
Let m = 50 - 43. Let g be (m + -34)/((-2)/10). Let n(c) = -2*c**3 - 4*c**2 - 3. Let k be n(-3). What is the greatest common divisor of k and g?
15
Suppose -3*o = -4*p + 63, 47 = 4*o + 67. What is the greatest common factor of 216 and p?
12
Suppose -14*b + 18*b - 4*p - 1048 = 0, 5*b = -3*p + 1278. Calculate the highest common divisor of b and 6.
6
Suppose -3*v + 516 + 24 = 0. Suppose 0*d + d - 60 = 0. Suppose -4*q = -84 - d. What is the greatest common divisor of q and v?
36
Suppose 3*k - 5*w = 8*k - 740, -2*k + 3*w = -321. Calculate the greatest common divisor of k and 51.
51
Let t be (69/(-4))/(3/(-8)). What is the greatest common divisor of t and 23?
23
Let w be (-2)/(-3)*6 + 15. Let x = 0 + w. Suppose -751 = -5*k - 86. Calculate the greatest common divisor of k and x.
19
Suppose 2*z - 18 = -4*w, -z = 2*w - 2*z - 11. Suppose 2*k + 3*k = w*j + 215, k + 2*j - 34 = 0. Calculate the highest common factor of 10 and k.
10
Suppose 2*v - 262 = -9*g, -3 = 5*v + 17. What is the highest common divisor of 210 and g?
30
Suppose d = -2, 3*d = -7*f + 3*f + 514. What is the highest common factor of 25 and f?
5
Let y(p) = p**